te the highest common factor of 13430 and 292570.
170
What is the highest common factor of 13549275 and 885?
15
What is the greatest common divisor of 66595 and 1377690?
95
Calculate the highest common factor of 1771 and 5545645.
161
Calculate the greatest common factor of 20712 and 36648.
24
What is the highest common divisor of 260437088 and 158?
158
Calculate the greatest common factor of 2921548 and 4146.
1382
Calculate the highest common factor of 6428336 and 16.
16
Calculate the greatest common factor of 5410 and 63820.
10
Calculate the highest common factor of 35504878 and 2.
2
What is the greatest common divisor of 292942455 and 195?
195
What is the highest common divisor of 1455865101 and 549?
549
What is the greatest common factor of 69515730 and 180?
90
Calculate the highest common divisor of 207637550 and 1460.
730
What is the greatest common divisor of 49 and 72552753?
7
What is the highest common factor of 9519422 and 748?
374
Calculate the greatest common divisor of 14938250 and 250.
250
What is the greatest common factor of 19 and 3545077?
19
What is the highest common divisor of 32886174 and 73088?
1142
What is the greatest common divisor of 199804491 and 18?
9
What is the greatest common divisor of 16 and 980681192?
8
Calculate the greatest common divisor of 326870 and 62.
2
What is the greatest common divisor of 514 and 77152?
2
What is the greatest common factor of 70 and 954457?
7
What is the highest common divisor of 56433 and 3472800?
4341
What is the highest common factor of 12612929 and 64906?
1411
What is the greatest common divisor of 1372494 and 35743?
31
Calculate the greatest common factor of 451885070 and 962.
962
What is the greatest common factor of 6811041 and 279?
93
Calculate the greatest common factor of 122261 and 135857.
103
What is the greatest common factor of 143328 and 36384?
96
What is the highest common divisor of 69 and 620296775?
23
What is the highest common divisor of 54 and 296684073?
27
What is the greatest common divisor of 203633 and 78279?
269
Calculate the greatest common factor of 822852 and 737694.
1026
What is the greatest common divisor of 278 and 277346978?
278
What is the highest common factor of 77294378 and 3908?
1954
Calculate the greatest common factor of 10305108 and 20352.
636
What is the greatest common factor of 852 and 34200?
12
What is the greatest common divisor of 573893 and 5089635?
4189
Calculate the greatest common factor of 1197856 and 332.
332
Calculate the highest common divisor of 2330769 and 966.
21
Calculate the highest common divisor of 80 and 3397540.
20
Calculate the highest common divisor of 14032 and 28512.
16
What is the greatest common divisor of 445633633 and 1189?
1189
Calculate the highest common factor of 160458 and 91932.
282
Calculate the greatest common divisor of 3936 and 6222570.
246
What is the highest common factor of 8667 and 3219912?
81
What is the greatest common factor of 304 and 14534924?
76
What is the greatest common factor of 45856 and 31216?
16
Calculate the greatest common divisor of 3307543 and 26708.
607
What is the greatest common factor of 485 and 177396995?
485
Calculate the greatest common divisor of 341 and 1040701.
31
Calculate the greatest common divisor of 162 and 328052.
2
What is the highest common divisor of 2817963 and 1593?
27
What is the highest common divisor of 5626 and 751563275?
2813
Calculate the greatest common factor of 35189 and 114653.
77
Calculate the highest common divisor of 524146 and 150626.
406
Calculate the highest common factor of 6434856 and 806.
62
Calculate the greatest common divisor of 8236912 and 272.
16
Calculate the greatest common factor of 27792 and 1654776.
72
What is the greatest common factor of 2836671 and 102?
51
What is the highest common factor of 1 and 20728984?
1
Calculate the highest common divisor of 144091069 and 248.
31
What is the greatest common divisor of 37788 and 472491?
141
Calculate the greatest common factor of 154715661 and 9.
9
Calculate the greatest common factor of 29349121 and 11.
1
Calculate the greatest common factor of 386610 and 5730.
30
Calculate the highest common divisor of 76672 and 1936.
16
Calculate the greatest common divisor of 319 and 1659152.
11
Calculate the greatest common divisor of 126240785 and 3578.
1789
Calculate the greatest common divisor of 30381 and 553033.
247
What is the highest common factor of 7844 and 68522224?
148
What is the greatest common divisor of 264 and 132100632?
24
What is the greatest common factor of 117343971 and 405?
81
What is the greatest common factor of 817563 and 9703?
31
What is the greatest common factor of 20929431 and 1751?
17
Calculate the highest common divisor of 176 and 2040080.
16
Calculate the greatest common divisor of 168 and 610366176.
168
What is the greatest common factor of 1534445317 and 227?
227
Calculate the highest common divisor of 2253947 and 6365.
67
What is the greatest common factor of 18105 and 166515?
255
What is the greatest common factor of 44859723 and 1631?
233
What is the highest common divisor of 5196 and 62296576?
1732
What is the greatest common factor of 70622886 and 38?
38
What is the highest common factor of 2092511 and 40196?
773
Calculate the highest common factor of 43056900 and 7992.
3996
What is the highest common factor of 477 and 39122991?
9
What is the greatest common factor of 1606 and 20712?
2
What is the highest common factor of 3279465 and 105?
105
What is the greatest common factor of 8557018 and 15266?
34
What is the greatest common factor of 69494 and 15982?
2
What is the greatest common divisor of 1906916 and 98083?
2281
Calculate the highest common factor of 28559525 and 675.
25
What is the greatest common factor of 3380 and 55041610?
1690
Calculate the highest common factor of 28880290 and 10.
10
Calculate the greatest common factor of 24256 and 427651472.
6064
Calculate the greatest common divisor of 2967 and 233013.
69
Calculate the highest common factor of 113337 and 2891.
49
What is the highest common divisor of 14701123 and 2095543?
5387
What is the highest common divisor of 8810557 and 1883?
1883
Calculate the highest common divisor of 11187181 and 107027.
817
What is the greatest common divisor of 3949168 and 160?
16
Calculate the greatest common factor of 7661 and 863574.
163
Calculate the highest common factor of 9629715 and 15.
15
Calculate the highest common factor of 28477443 and 6953.
409
What is the greatest common factor of 6715986 and 28?
2
What is the greatest common divisor of 1098 and 77475429?
549
What is the highest common factor of 1876768 and 20?
4
What is the greatest common divisor of 34344931 and 95387?
5611
What is the highest common factor of 370 and 54065658?
74
Calculate the highest common factor of 1292703 and 3534.
57
What is the highest common divisor of 154 and 150510734?
22
What is the highest common factor of 4994 and 655402?
22
What is the highest common factor of 406332 and 108?
36
What is the greatest common factor of 598 and 2959684?
26
What is the highest common divisor of 440114507 and 10822?
5411
Calculate the highest common divisor of 7675652 and 1012.
92
What is the highest common factor of 4592962 and 3335?
667
Calculate the greatest common divisor of 371 and 826853.
53
What is the greatest common divisor of 629 and 8351811?
17
Calculate the highest common factor of 57535 and 2178555.
1555
What is the greatest common factor of 82248 and 1752?
24
What is the greatest common divisor of 1535936 and 2864968?
1864
Calculate the greatest common divisor of 2805 and 857106.
51
What is the highest common divisor of 630 and 52420150?
10
What is the greatest common divisor of 26053714 and 4976?
622
What is the greatest common divisor of 310 and 46882075?
155
What is the greatest common divisor of 2584225 and 4193?
7
What is the highest common divisor of 10386936 and 18?
18
What is the greatest common factor of 755910 and 40515?
555
What is the greatest common divisor of 3094 and 26231646?
238
What is the highest common factor of 1983432 and 733542?
4098
Calculate the greatest common factor of 15037702 and 1118.
86
What is the greatest common divisor of 1518 and 24675156?
66
What is the greatest common divisor of 115603326 and